{"id":1589,"date":"2019-05-03T16:35:43","date_gmt":"2019-05-03T14:35:43","guid":{"rendered":"https:\/\/senologie.novatask.biz\/service\/article\/protheses-mammaires-la-capsulectomie-est-prise-en-charge-par-les-caisses-maladie\/"},"modified":"2019-09-04T11:52:36","modified_gmt":"2019-09-04T09:52:36","slug":"protheses-mammaires-la-capsulectomie-est-prise-en-charge-par-les-caisses-maladie","status":"publish","type":"page","link":"https:\/\/www.senologie.ch\/fr\/services\/au-centre-de-lattention\/protheses-mammaires-la-capsulectomie-est-prise-en-charge-par-les-caisses-maladie\/","title":{"rendered":"Proth\u00e8ses mammaires: la capsulectomie est prise en charge par les caisses-maladie"},"content":{"rendered":"\t\t<div data-elementor-type=\"wp-post\" data-elementor-id=\"1589\" class=\"elementor elementor-1589\" data-elementor-post-type=\"page\">\n\t\t\t\t\t\t<section class=\"elementor-section elementor-top-section elementor-element elementor-element-3b236b9 elementor-section-boxed elementor-section-height-default elementor-section-height-default\" data-id=\"3b236b9\" data-element_type=\"section\">\n\t\t\t\t\t\t<div class=\"elementor-container elementor-column-gap-default\">\n\t\t\t\t\t<div class=\"elementor-column elementor-col-100 elementor-top-column elementor-element elementor-element-026b9bf\" data-id=\"026b9bf\" data-element_type=\"column\">\n\t\t\t<div class=\"elementor-widget-wrap elementor-element-populated\">\n\t\t\t\t\t\t<div class=\"elementor-element elementor-element-6a41bca elementor-widget elementor-widget-heading\" data-id=\"6a41bca\" data-element_type=\"widget\" data-widget_type=\"heading.default\">\n\t\t\t\t<div class=\"elementor-widget-container\">\n\t\t\t\t\t<h1 class=\"elementor-heading-title elementor-size-default\">Proth\u00e8ses mammaires: la capsulectomie est prise en charge par les caisses-maladie<\/h1>\t\t\t\t<\/div>\n\t\t\t\t<\/div>\n\t\t\t\t\t<\/div>\n\t\t<\/div>\n\t\t\t\t\t<\/div>\n\t\t<\/section>\n\t\t\t\t<section class=\"elementor-section elementor-top-section elementor-element elementor-element-c9b4b2d elementor-section-boxed elementor-section-height-default elementor-section-height-default\" data-id=\"c9b4b2d\" data-element_type=\"section\">\n\t\t\t\t\t\t<div class=\"elementor-container elementor-column-gap-default\">\n\t\t\t\t\t<div class=\"elementor-column elementor-col-100 elementor-top-column elementor-element elementor-element-7e03760\" data-id=\"7e03760\" data-element_type=\"column\">\n\t\t\t<div class=\"elementor-widget-wrap elementor-element-populated\">\n\t\t\t\t\t\t<div class=\"elementor-element elementor-element-8527ba2 elementor-widget elementor-widget-heading\" data-id=\"8527ba2\" data-element_type=\"widget\" data-widget_type=\"heading.default\">\n\t\t\t\t<div class=\"elementor-widget-container\">\n\t\t\t\t\t<h2 class=\"elementor-heading-title elementor-size-default\">Jugement du Tribunal f\u00e9d\u00e9ral des assurances du 3 avril 1997<\/h2>\t\t\t\t<\/div>\n\t\t\t\t<\/div>\n\t\t\t\t<div class=\"elementor-element elementor-element-49ee0ff elementor-widget elementor-widget-text-editor\" data-id=\"49ee0ff\" data-element_type=\"widget\" data-widget_type=\"text-editor.default\">\n\t\t\t\t<div class=\"elementor-widget-container\">\n\t\t\t\t\t\t\t\t\t<p><em>Adapt\u00e9 de bulletin des m\u00e9decins suisses 20.8.1998. Hanspeter Kuhn, avocat, Secr\u00e9taire g\u00e9n\u00e9ral adjoint de l\u2019FMH<\/em><\/p><p>Une patiente n\u00e9e en 1954 s&rsquo;est soumise en 1991 \u00e0 une augmentation mammaire pour des raisons esth\u00e9tiques. A l&rsquo;\u00e9poque, elle n&rsquo;a pas sollicit\u00e9 les prestations de sa caisse-maladie. En raison d&rsquo;une capsule fibreuse douloureuse des deux c\u00f4t\u00e9s et d&rsquo;une d\u00e9formit\u00e9 \u00e0 droite, une capsulectomie a \u00e9t\u00e9 pratiqu\u00e9e en d\u00e9cembre 1993 avec changement de proth\u00e8ses. L&rsquo;assureur refusa une participation aux frais, arguant de la motivation purement esth\u00e9tique de l&rsquo;intervention initiale.<\/p><p>Le Tribunal f\u00e9d\u00e9ral des assurances a d\u00e9cid\u00e9 que le traitement d&rsquo;une capsule fibreuse \u00e0 la suite d&rsquo;une augmentation mammaire (pour des motifs esth\u00e9tiques) constituait une prestation obligatoire au sens de la loi sur l&rsquo;assurance-maladie. D\u00e8s lors, l&rsquo;assureur doit prendre en charge l&rsquo;\u00e9limination chirurgicale de la capsule (capsulectomie), mais pas la mise en place de nouvelles proth\u00e8ses.<\/p>\t\t\t\t\t\t\t\t<\/div>\n\t\t\t\t<\/div>\n\t\t\t\t\t<\/div>\n\t\t<\/div>\n\t\t\t\t\t<\/div>\n\t\t<\/section>\n\t\t\t\t<section class=\"elementor-section elementor-top-section elementor-element elementor-element-6dac1f4 elementor-section-boxed elementor-section-height-default elementor-section-height-default\" data-id=\"6dac1f4\" data-element_type=\"section\">\n\t\t\t\t\t\t<div class=\"elementor-container elementor-column-gap-default\">\n\t\t\t\t\t<div class=\"elementor-column elementor-col-100 elementor-top-column elementor-element elementor-element-36c873b\" data-id=\"36c873b\" data-element_type=\"column\">\n\t\t\t<div class=\"elementor-widget-wrap elementor-element-populated\">\n\t\t\t\t\t\t<div class=\"elementor-element elementor-element-d1f1311 elementor-widget elementor-widget-heading\" data-id=\"d1f1311\" data-element_type=\"widget\" data-widget_type=\"heading.default\">\n\t\t\t\t<div class=\"elementor-widget-container\">\n\t\t\t\t\t<h2 class=\"elementor-heading-title elementor-size-default\">Commentaire<\/h2>\t\t\t\t<\/div>\n\t\t\t\t<\/div>\n\t\t\t\t<div class=\"elementor-element elementor-element-9f4cc5b elementor-widget elementor-widget-text-editor\" data-id=\"9f4cc5b\" data-element_type=\"widget\" data-widget_type=\"text-editor.default\">\n\t\t\t\t<div class=\"elementor-widget-container\">\n\t\t\t\t\t\t\t\t\t<p>La d\u00e9cision a eu lieu sous l&rsquo;\u00e9gide de l&rsquo;ancienne loi sur l&rsquo;assurance-maladie. En ce qui concerne l&rsquo;assurance de base (traitement en division commune), la d\u00e9cision est \u00e9galement applicable dans la nouvelle loi (LAMal).<\/p><p>Par contre, \u00e0 la question de savoir si I\u2019assureur-maladie est tenu de fournir des prestations de l&rsquo;assurance compl\u00e9mentaire (division priv\u00e9e ou semi-priv\u00e9e), c&rsquo;est en examinant la police d&rsquo;assurance en cas d&rsquo;esp\u00e8ce que l&rsquo;on peut y r\u00e9pondre. Pourquoi? Les polices d&rsquo;assurance compl\u00e9mentaires sont soumises d\u00e9sormais \u00e0 la loi f\u00e9d\u00e9rale sur le contrat d&rsquo;assurance, ce qui revient \u00e0 dire que les risques assur\u00e9s peuvent se diff\u00e9rencier de ceux figurant dans l&rsquo;assurance de base. Ainsi, il est permis d&rsquo;offrir, par exemple, une assurance semi-priv\u00e9e excluant les frais de traitement en cas de grossesse ou de maternit\u00e9. Pour les personnes qui avaient d\u00e9j\u00e0 conclu, sous le r\u00e9gime de l&rsquo;ancienne loi, des assurances compl\u00e9mentaires pour traitement hospitalier priv\u00e9 ou semi-priv\u00e9 et qui ont conserv\u00e9 le m\u00eame assureur, la disposition transitoire de la LAMal \u00e0 cet \u00e9gard devrait encore alimenter le d\u00e9bat juridique.<\/p><p>En effet, l&rsquo;art.102, 2e al., oblige l&rsquo;assureur \u00e0 \u00aboffrir \u00e0 ses assur\u00e9s des contrats qui pr\u00e9voient une couverture d&rsquo;assurance ayant au moins la m\u00eame \u00e9tendue que celle dont ils b\u00e9n\u00e9ficiaient jusqu&rsquo;alors\u00bb. L&rsquo;art. 16 de la m\u00eame loi l&rsquo;oblige de sucro\u00eet \u00e0 \u00abrenseigner les personnes int\u00e9ress\u00e9es sur leurs droits et obligations et \u00e0 les conseiller\u00bb. L&rsquo;exemple suivant suffit \u00e0 illustrer les cons\u00e9quences possibles de cette disposition l\u00e9gale.<\/p><p>Evoquons le cas d&rsquo;une personne assur\u00e9e en semi-priv\u00e9e dans l&rsquo;ancienne loi Conform\u00e9ment \u00e0 la nouvelle LAMal, la caisse-maladie a restreint le champ de prestations de l&rsquo;assurance semi-priv\u00e9e au point de ne plus assurer en division semi-priv\u00e9e l&rsquo;ensemble des op\u00e9rations plastiques et reconstructives (quelle que soit l&rsquo;indication). Si devant un tribunal, cet assureur ne parvient pas \u00e0 prouver:<\/p><p>a) qu&rsquo;il a indiqu\u00e9 explicitement \u00e0 ses assur\u00e9s quelles sont les prestations du nouveau contrat qui ne sont plus assur\u00e9es et<\/p><p>b) qu&rsquo;il leur a explicitement offert le maintien de l&rsquo;ancienne couverture d&rsquo;assurance conform\u00e9ment \u00e0 l&rsquo;art. 102 LAMal, le patient concern\u00e9, son assureur, le m\u00e9decin traitant, puis les avocats et finalement le tribunal seront confront\u00e9s \u00e0 une question int\u00e9ressante: celle de savoir si, du fait de la violation du devoir d&rsquo;informer et de conseiller, l&rsquo;assureur ne devrait pas prendre en charge les frais d&rsquo;une telle intervention dans le cadre de l&rsquo;assurance compl\u00e9mentaire, lorsque cette prestation aurait \u00e9t\u00e9 assur\u00e9e par lui sous l&rsquo;ancien droit.<\/p>\t\t\t\t\t\t\t\t<\/div>\n\t\t\t\t<\/div>\n\t\t\t\t\t<\/div>\n\t\t<\/div>\n\t\t\t\t\t<\/div>\n\t\t<\/section>\n\t\t\t\t<\/div>\n\t\t","protected":false},"excerpt":{"rendered":"<p>Jugement du Tribunal f\u00e9d\u00e9ral des assurances du 3 avril 1997 Adapt\u00e9 de bulletin des m\u00e9decins suisses 20.8.1998. Hanspeter Kuhn, avocat, Secr\u00e9taire g\u00e9n\u00e9ral adjoint de l\u2019FMH Une patiente n\u00e9e en 1954 s&rsquo;est soumise en 1991 \u00e0 une augmentation mammaire pour des raisons esth\u00e9tiques. A l&rsquo;\u00e9poque, elle n&rsquo;a pas sollicit\u00e9 les prestations de sa caisse-maladie. En raison [&hellip;]<\/p>\n","protected":false},"author":4,"featured_media":0,"parent":1587,"menu_order":64,"comment_status":"closed","ping_status":"closed","template":"","meta":{"_acf_changed":false,"footnotes":""},"class_list":["post-1589","page","type-page","status-publish","hentry"],"acf":[],"_links":{"self":[{"href":"https:\/\/www.senologie.ch\/fr\/wp-json\/wp\/v2\/pages\/1589","targetHints":{"allow":["GET"]}}],"collection":[{"href":"https:\/\/www.senologie.ch\/fr\/wp-json\/wp\/v2\/pages"}],"about":[{"href":"https:\/\/www.senologie.ch\/fr\/wp-json\/wp\/v2\/types\/page"}],"author":[{"embeddable":true,"href":"https:\/\/www.senologie.ch\/fr\/wp-json\/wp\/v2\/users\/4"}],"replies":[{"embeddable":true,"href":"https:\/\/www.senologie.ch\/fr\/wp-json\/wp\/v2\/comments?post=1589"}],"version-history":[{"count":2,"href":"https:\/\/www.senologie.ch\/fr\/wp-json\/wp\/v2\/pages\/1589\/revisions"}],"predecessor-version":[{"id":2802,"href":"https:\/\/www.senologie.ch\/fr\/wp-json\/wp\/v2\/pages\/1589\/revisions\/2802"}],"up":[{"embeddable":true,"href":"https:\/\/www.senologie.ch\/fr\/wp-json\/wp\/v2\/pages\/1587"}],"wp:attachment":[{"href":"https:\/\/www.senologie.ch\/fr\/wp-json\/wp\/v2\/media?parent=1589"}],"curies":[{"name":"wp","href":"https:\/\/api.w.org\/{rel}","templated":true}]}}

Prothèses mammaires: la capsulectomie est prise en charge par les caisses-maladie

<div data-elementor-type="wp-post" data-elementor-id="1589" class="elementor elementor-1589" data-elementor-post-type="page">
						<section class="elementor-section elementor-top-section elementor-element elementor-element-3b236b9 elementor-section-boxed elementor-section-height-default elementor-section-height-default" data-id="3b236b9" data-element_type="section">
						<div class="elementor-container elementor-column-gap-default">
					<div class="elementor-column elementor-col-100 elementor-top-column elementor-element elementor-element-026b9bf" data-id="026b9bf" data-element_type="column">
			<div class="elementor-widget-wrap elementor-element-populated">
						<div class="elementor-element elementor-element-6a41bca elementor-widget elementor-widget-heading" data-id="6a41bca" data-element_type="widget" data-widget_type="heading.default">
				<div class="elementor-widget-container">
					<h1 class="elementor-heading-title elementor-size-default">Prothèses mammaires: la capsulectomie est prise en charge par les caisses-maladie</h1>				</div>
				</div>
					</div>
		</div>
					</div>
		</section>
				<section class="elementor-section elementor-top-section elementor-element elementor-element-c9b4b2d elementor-section-boxed elementor-section-height-default elementor-section-height-default" data-id="c9b4b2d" data-element_type="section">
						<div class="elementor-container elementor-column-gap-default">
					<div class="elementor-column elementor-col-100 elementor-top-column elementor-element elementor-element-7e03760" data-id="7e03760" data-element_type="column">
			<div class="elementor-widget-wrap elementor-element-populated">
						<div class="elementor-element elementor-element-8527ba2 elementor-widget elementor-widget-heading" data-id="8527ba2" data-element_type="widget" data-widget_type="heading.default">
				<div class="elementor-widget-container">
					<h2 class="elementor-heading-title elementor-size-default">Jugement du Tribunal fédéral des assurances du 3 avril 1997</h2>				</div>
				</div>
				<div class="elementor-element elementor-element-49ee0ff elementor-widget elementor-widget-text-editor" data-id="49ee0ff" data-element_type="widget" data-widget_type="text-editor.default">
				<div class="elementor-widget-container">
									<p><em>Adapté de bulletin des médecins suisses 20.8.1998. Hanspeter Kuhn, avocat, Secrétaire général adjoint de l’FMH</em></p><p>Une patiente née en 1954 s&rsquo;est soumise en 1991 à une augmentation mammaire pour des raisons esthétiques. A l&rsquo;époque, elle n&rsquo;a pas sollicité les prestations de sa caisse-maladie. En raison d&rsquo;une capsule fibreuse douloureuse des deux côtés et d&rsquo;une déformité à droite, une capsulectomie a été pratiquée en décembre 1993 avec changement de prothèses. L&rsquo;assureur refusa une participation aux frais, arguant de la motivation purement esthétique de l&rsquo;intervention initiale.</p><p>Le Tribunal fédéral des assurances a décidé que le traitement d&rsquo;une capsule fibreuse à la suite d&rsquo;une augmentation mammaire (pour des motifs esthétiques) constituait une prestation obligatoire au sens de la loi sur l&rsquo;assurance-maladie. Dès lors, l&rsquo;assureur doit prendre en charge l&rsquo;élimination chirurgicale de la capsule (capsulectomie), mais pas la mise en place de nouvelles prothèses.</p>								</div>
				</div>
					</div>
		</div>
					</div>
		</section>
				<section class="elementor-section elementor-top-section elementor-element elementor-element-6dac1f4 elementor-section-boxed elementor-section-height-default elementor-section-height-default" data-id="6dac1f4" data-element_type="section">
						<div class="elementor-container elementor-column-gap-default">
					<div class="elementor-column elementor-col-100 elementor-top-column elementor-element elementor-element-36c873b" data-id="36c873b" data-element_type="column">
			<div class="elementor-widget-wrap elementor-element-populated">
						<div class="elementor-element elementor-element-d1f1311 elementor-widget elementor-widget-heading" data-id="d1f1311" data-element_type="widget" data-widget_type="heading.default">
				<div class="elementor-widget-container">
					<h2 class="elementor-heading-title elementor-size-default">Commentaire</h2>				</div>
				</div>
				<div class="elementor-element elementor-element-9f4cc5b elementor-widget elementor-widget-text-editor" data-id="9f4cc5b" data-element_type="widget" data-widget_type="text-editor.default">
				<div class="elementor-widget-container">
									<p>La décision a eu lieu sous l&rsquo;égide de l&rsquo;ancienne loi sur l&rsquo;assurance-maladie. En ce qui concerne l&rsquo;assurance de base (traitement en division commune), la décision est également applicable dans la nouvelle loi (LAMal).</p><p>Par contre, à la question de savoir si I’assureur-maladie est tenu de fournir des prestations de l&rsquo;assurance complémentaire (division privée ou semi-privée), c&rsquo;est en examinant la police d&rsquo;assurance en cas d&rsquo;espèce que l&rsquo;on peut y répondre. Pourquoi? Les polices d&rsquo;assurance complémentaires sont soumises désormais à la loi fédérale sur le contrat d&rsquo;assurance, ce qui revient à dire que les risques assurés peuvent se différencier de ceux figurant dans l&rsquo;assurance de base. Ainsi, il est permis d&rsquo;offrir, par exemple, une assurance semi-privée excluant les frais de traitement en cas de grossesse ou de maternité. Pour les personnes qui avaient déjà conclu, sous le régime de l&rsquo;ancienne loi, des assurances complémentaires pour traitement hospitalier privé ou semi-privé et qui ont conservé le même assureur, la disposition transitoire de la LAMal à cet égard devrait encore alimenter le débat juridique.</p><p>En effet, l&rsquo;art.102, 2e al., oblige l&rsquo;assureur à «offrir à ses assurés des contrats qui prévoient une couverture d&rsquo;assurance ayant au moins la même étendue que celle dont ils bénéficiaient jusqu&rsquo;alors». L&rsquo;art. 16 de la même loi l&rsquo;oblige de sucroît à «renseigner les personnes intéressées sur leurs droits et obligations et à les conseiller». L&rsquo;exemple suivant suffit à illustrer les conséquences possibles de cette disposition légale.</p><p>Evoquons le cas d&rsquo;une personne assurée en semi-privée dans l&rsquo;ancienne loi Conformément à la nouvelle LAMal, la caisse-maladie a restreint le champ de prestations de l&rsquo;assurance semi-privée au point de ne plus assurer en division semi-privée l&rsquo;ensemble des opérations plastiques et reconstructives (quelle que soit l&rsquo;indication). Si devant un tribunal, cet assureur ne parvient pas à prouver:</p><p>a) qu&rsquo;il a indiqué explicitement à ses assurés quelles sont les prestations du nouveau contrat qui ne sont plus assurées et</p><p>b) qu&rsquo;il leur a explicitement offert le maintien de l&rsquo;ancienne couverture d&rsquo;assurance conformément à l&rsquo;art. 102 LAMal, le patient concerné, son assureur, le médecin traitant, puis les avocats et finalement le tribunal seront confrontés à une question intéressante: celle de savoir si, du fait de la violation du devoir d&rsquo;informer et de conseiller, l&rsquo;assureur ne devrait pas prendre en charge les frais d&rsquo;une telle intervention dans le cadre de l&rsquo;assurance complémentaire, lorsque cette prestation aurait été assurée par lui sous l&rsquo;ancien droit.</p>								</div>
				</div>
					</div>
		</div>
					</div>
		</section>
				</div>

<p>Jugement du Tribunal fédéral des assurances du 3 avril 1997 Adapté de bulletin des médecins suisses 20.8.1998. Hanspeter Kuhn, avocat, Secrétaire général adjoint de l’FMH Une patiente née en 1954 s&rsquo;est soumise en 1991 à une augmentation mammaire pour des raisons esthétiques. A l&rsquo;époque, elle n&rsquo;a pas sollicité les prestations de sa caisse-maladie. En raison [&hellip;]</p>
